{"id":2543,"date":"2020-02-25T11:15:34","date_gmt":"2020-02-25T10:15:34","guid":{"rendered":"https:\/\/xplore-berlin.de\/?post_type=mp-event&#038;p=2543"},"modified":"2020-02-27T15:50:12","modified_gmt":"2020-02-27T14:50:12","slug":"the-antidote-to-capitalism-is-community","status":"publish","type":"mp-event","link":"https:\/\/xplore-berlin.de\/de\/timetable\/event\/the-antidote-to-capitalism-is-community\/","title":{"rendered":"Das Gegenmittel zum Kapitalismus ist Gemeinschaft"},"content":{"rendered":"<p>Was bedeutet es, gemeinsam mit unseren K\u00f6rpern zu arbeiten? Und wie kann eine Gemeinschaft die Bed\u00fcrfnisse ihrer Individuen nicht unterwandern, sondern best\u00e4rken, und andersrum? Wir werden uns auf somatische Arbeit, Clubbing, magische Gruppenprozesse und den Alltag beziehen, und werden (in Bewegung) reflektieren, in wiefern \"Rumtanzen\" eine tats\u00e4chliche gesellschaftliche Ver\u00e4nderung mit sich bringen kann, oder ob wir uns das nur einreden, um unseren ganzen Berliner Nabelschau-Bullshit zu rechtfertigen.<\/p>","protected":false},"excerpt":{"rendered":"<p>Was bedeutet es, gemeinsam etwas mit unserem K\u00f6rper zu tun? Und wie kann die Gemeinschaft die W\u00fcnsche des Einzelnen nicht untergraben, sondern sie st\u00e4rken und umgekehrt? In Anlehnung an somatische Arbeit, Clubbing, magische Gruppenprozesse und den Alltag reflektieren wir (in Bewegung) die Frage, ob \u201eUmtanzen\u201c tats\u00e4chlich gesellschaftlichen Wandel bewirken kann, oder ob \u2026<\/p>\n<p class=\"read-more\"> <a class=\"\" href=\"https:\/\/xplore-berlin.de\/de\/timetable\/event\/the-antidote-to-capitalism-is-community\/\"> <span class=\"screen-reader-text\">Das Gegenmittel zum Kapitalismus ist Gemeinschaft<\/span> Weiterlesen \u00bb<\/a><\/p>","protected":false},"author":1,"featured_media":0,"menu_order":0,"comment_status":"closed","ping_status":"closed","template":"","meta":{"_uag_custom_page_level_css":"","ghostkit_customizer_options":"","ghostkit_custom_css":"","ghostkit_custom_js_head":"","ghostkit_custom_js_foot":"","ghostkit_typography":"","site-sidebar-layout":"default","site-content-layout":"default","ast-global-header-display":"","ast-main-header-display":"","ast-hfb-above-header-display":"","ast-hfb-below-header-display":"","ast-hfb-mobile-header-display":"","site-post-title":"","ast-breadcrumbs-content":"","ast-featured-img":"","footer-sml-layout":"","theme-transparent-header-meta":"default","adv-header-id-meta":"","stick-header-meta":"default","header-above-stick-meta":"","header-main-stick-meta":"","header-below-stick-meta":""},"mp-event_category":[207,172],"mp-event_tag":[],"uagb_featured_image_src":{"full":false,"thumbnail":false,"medium":false,"medium_large":false,"large":false,"1536x1536":false,"2048x2048":false,"trp-custom-language-flag":false},"uagb_author_info":{"display_name":"xpad01","author_link":"https:\/\/xplore-berlin.de\/de\/author\/xpad01\/"},"uagb_comment_info":0,"uagb_excerpt":"What does it mean to do something with our bodies together? And how can community not undermine the individual\u2019s desires, but empower them, and vice versa? Borrowing from somatic work, clubbing, magickal group processes, and everyday life, we will reflect (in movement) on the question whether \u201cdancing around\u201d can actually affect societal change, or whether&hellip;","_links":{"self":[{"href":"https:\/\/xplore-berlin.de\/de\/wp-json\/wp\/v2\/mp-event\/2543"}],"collection":[{"href":"https:\/\/xplore-berlin.de\/de\/wp-json\/wp\/v2\/mp-event"}],"about":[{"href":"https:\/\/xplore-berlin.de\/de\/wp-json\/wp\/v2\/types\/mp-event"}],"author":[{"embeddable":true,"href":"https:\/\/xplore-berlin.de\/de\/wp-json\/wp\/v2\/users\/1"}],"replies":[{"embeddable":true,"href":"https:\/\/xplore-berlin.de\/de\/wp-json\/wp\/v2\/comments?post=2543"}],"wp:attachment":[{"href":"https:\/\/xplore-berlin.de\/de\/wp-json\/wp\/v2\/media?parent=2543"}],"wp:term":[{"taxonomy":"mp-event_category","embeddable":true,"href":"https:\/\/xplore-berlin.de\/de\/wp-json\/wp\/v2\/mp-event_category?post=2543"},{"taxonomy":"mp-event_tag","embeddable":true,"href":"https:\/\/xplore-berlin.de\/de\/wp-json\/wp\/v2\/mp-event_tag?post=2543"}],"curies":[{"name":"wp","href":"https:\/\/api.w.org\/{rel}","templated":true}]}}

<p>Was bedeutet es, gemeinsam mit unseren Körpern zu arbeiten? Und wie kann eine Gemeinschaft die Bedürfnisse ihrer Individuen nicht unterwandern, sondern bestärken, und andersrum? Wir werden uns auf somatische Arbeit, Clubbing, magische Gruppenprozesse und den Alltag beziehen, und werden (in Bewegung) reflektieren, in wiefern "Rumtanzen" eine tatsächliche gesellschaftliche Veränderung mit sich bringen kann, oder ob wir uns das nur einreden, um unseren ganzen Berliner Nabelschau-Bullshit zu rechtfertigen.</p>

<p>Was bedeutet es, gemeinsam etwas mit unserem Körper zu tun? Und wie kann die Gemeinschaft die Wünsche des Einzelnen nicht untergraben, sondern sie stärken und umgekehrt? In Anlehnung an somatische Arbeit, Clubbing, magische Gruppenprozesse und den Alltag reflektieren wir (in Bewegung) die Frage, ob „Umtanzen“ tatsächlich gesellschaftlichen Wandel bewirken kann, oder ob …</p>
<p class="read-more"> <a class="" href="https://xplore-berlin.de/de/timetable/event/the-antidote-to-capitalism-is-community/"> <span class="screen-reader-text">Das Gegenmittel zum Kapitalismus ist Gemeinschaft</span> Weiterlesen »</a></p>
